= 33*t - 137661 - 246822. What is the ten thousands digit of t?
1
Let l(m) = 30*m - 101. Suppose -82 = -2*w - 4*i, 0 = -i - 2*i - 9. What is the tens digit of l(w)?
0
What is the thousands digit of ((-460)/(-12) + -30)/(0 + 1/1623)?
3
Suppose -96*l + 293418 - 165613 = -584611. What is the units digit of l?
1
Let f be 260 + -261 + 2 + -1 + 0. Suppose 8*n + 3678 - 12414 = f. What is the thousands digit of n?
1
Suppose -2*i + 3*j + 14 = 0, -9*i - 3*j = -4*i - 56. Suppose -3*d + 1460 = s, 5*s + i*d = 7*d + 7264. What is the tens digit of s?
5
Let r(a) be the first derivative of 13*a**3/3 - 2*a**2 + 13*a - 5. What is the hundreds digit of r(3)?
1
Let r(n) = -n**3 - 3*n**2 + 3*n - 1. Let y be r(-4). Suppose 14 = 4*q - y*q. Suppose -3*f + 357 = 4*h + q, h = 2*f - 214. What is the hundreds digit of f?
1
Let g(i) = -2*i**2 - 5*i + 13. Let y be g(-6). Let h = 33 + y. Suppose h*c + 185 - 673 = 0. What is the tens digit of c?
2
Let x(g) = -39 - 333*g**2 + 332*g**2 - 28*g - 5*g - 28. What is the tens digit of x(-15)?
0
Let d = 156 + -156. Suppose w = -b + 134 + 181, d = 5*b + 4*w - 1575. What is the hundreds digit of b?
3
Suppose -26*a + 10*a + 123365 = 39*a. What is the thousands digit of a?
2
Suppose 15*u - 303119 - 362660 = -178969. What is the units digit of u?
4
Suppose 109*k = -0*k + 9*k + 777200. What is the tens digit of k?
7
Let j be (-4 - (-3)/1) + 21. Let q(c) = c**2 - 2*c**2 - 31*c - 57 + 95 + 3*c**2. What is the units digit of q(j)?
8
Let q = -547 + 549. Suppose -1671 = -q*c - 25. What is the tens digit of c?
2
Let l(w) = w**3 - 55*w**2 + 154*w + 14. What is the units digit of l(55)?
4
Let g be (-33)/(-11) - 0*(-2)/2. Suppose -2*f = -4*b - 24, -3*b - 4 = 4*f + g. What is the units digit of 1/b + 662*(-1)/(-10)?
6
What is the ten thousands digit of (-12 - (30 + -5719))*58/14?
2
Let c be 10*(21/(-14) - -2). Suppose -n - c*x + 1485 = 0, 3*n + x + 2096 = 6509. What is the thousands digit of n?
1
Suppose 5*s - 1 = -a - 2, 0 = -2*a + 2*s + 10. Suppose 499 = r + 2*i, -a*r - 4*i - 704 + 2684 = 0. What is the tens digit of r?
9
Let k(p) = 5*p**2 + 8*p + 2. Let a be (6/(-9))/((-1)/3 - -1). Let i(q) = q**3 + q**2 - q + 1. Let w(m) = a*k(m) - i(m). What is the units digit of w(-5)?
7
Let h = -52 + 77. Let s(o) = -95*o + 200. Let g(m) = -12*m + 25. Let u(z) = h*g(z) - 3*s(z). What is the tens digit of u(-7)?
3
Let h be 18/10*(409 - 1/(-1)). Let y(q) = q**2 - q - 4. Let l be y(0). What is the hundreds digit of ((-28)/42)/(l/h)?
1
Suppose -3 = 6*n - 3*n. Let m(u) = 17*u**2 + 14*u + 1. Let k(b) = 15*b**2 + 9*b + 1. Let c(l) = 8*k(l) - 5*m(l). What is the tens digit of c(n)?
3
Suppose 29*w - 30094 = 27*w + 2*x, w + 4*x = 15047. What is the hundreds digit of w?
0
Suppose 5*j = 278 - 73. Let f = j - 9. Let p = 51 - f. What is the tens digit of p?
1
Suppose -53 = 5*z - p - 2*p, 48 = -4*z + p. Let n = 15 + z. Suppose -5*f + v - n*v = -504, 4*v = -4. What is the units digit of f?
1
Suppose -2*n + 4160 = -26*h + 28*h, -4*h = 3*n - 8315. What is the thousands digit of h?
2
Let z = 997 - -1160. Suppose 2164*y - z*y - 6958 = 0. What is the units digit of y?
4
Let z(r) = -165*r**3 - 4*r**2 - 2*r - 7. Let d(x) = -166*x**3 - 3*x**2 - 3*x - 9. Let o(t) = -2*d(t) + 3*z(t). What is the hundreds digit of o(-2)?
2
Suppose 10 = w + 2*s, -5*w + s + 8 = 13. Suppose -21*n + 5290 + 1262 = w. What is the hundreds digit of n?
3
Let t(y) = -y**2 - 5*y. Let l be t(-4). Let x be (510/(-153))/(2/(-69)). Suppose s - x = -l*s. What is the tens digit of s?
2
Let z = 214 + -214. Suppose 0*r = 2*r + 5*n - 279, 4*r - 5*n - 543 = z. What is the units digit of r?
7
Suppose 2*g = -16, 4*g - 152960 = 9*z - 13*z. What is the tens digit of z?
4
Suppose 2*v - 8253 = -3*o, -5*v = 2*o - 9339 - 11299. What is the hundreds digit of (-36)/45 - (v/(-10) + -1)?
4
Suppose -9223 - 4979 = -s + 3*n, s = -n + 14206. What is the hundreds digit of s?
2
Let c = -60906 - -113916. What is the tens digit of c?
1
Let h = 303 + -167. Suppose -152*z + 28544 = -h*z. What is the units digit of z?
4
Let t(d) = -d**3 - 24*d**2 - 43*d + 35. Let z be t(-24). Let q = 2401 - z. What is the tens digit of q?
3
Suppose s - 29737 = 5*a, 40*a = -2*s + 37*a + 59474. What is the ten thousands digit of s?
2
Let m be (-7)/1*-1*(-14 + 5). What is the hundreds digit of (-17319)/(-21) - 18/m?
8
What is the hundreds digit of (-25)/35 + (-646542)/(-21)?
7
Let o = -1209 + 6873. What is the tens digit of o?
6
Suppose 9545 = 5*j + 5*g, 6*g - 1934 = -j + 10*g. Suppose j = 2*y - q + 448, 5*y - q - 3668 = 0. What is the hundreds digit of y?
7
Let k = -256 + 260. Let q = 572 - 256. Suppose 9 = 3*y + 3, 0 = -k*l + 4*y + q. What is the units digit of l?
1
Let z(c) = -c**2 + 7*c - 8. Let s be z(14). Let a = s + 106. Suppose a = -16*n + 14*n + 410. What is the tens digit of n?
0
What is the tens digit of (-4)/(-54)*3 + (2327125/225 - 25)?
1
Suppose 52 = 4*i + 2*y, 3*i + 0*y - 41 = -2*y. What is the tens digit of 1/3*(122 - i)?
3
Let i(o) = -2*o**3 - 63*o**2 - 135*o - 141. What is the tens digit of i(-38)?
6
What is the hundreds digit of (-1)/(5/(-32670)) - -7?
5
Let b = -58 - -68. Let k be (4/b)/((4/(-430))/2). Let x = k + 92. What is the units digit of x?
6
Let v(i) = -2*i - 42. Let x be v(-17). Let q be 18/x*(-3 - 25). What is the units digit of (q/12)/((-9)/(-288))?
8
Suppose -b = 4 - 501. Suppose -8*r = -327 - b. Suppose -r = 4*x - 5*x. What is the units digit of x?
3
Let n(b) = b**3 + b**2 - 4*b. Let p be n(-3). Let z(i) = -39*i + 6. Let j be z(p). Suppose -3*x - 76 = 4*w - j, 164 = 4*w + x. What is the tens digit of w?
4
Let m(z) = 2108*z - 4958. What is the tens digit of m(18)?
8
Suppose q + 10*r - 5*r = 1324, 2673 = 2*q + 5*r. Suppose -2*g + 2*o + 682 = 0, -o = -4*g - 0*o + q. What is the hundreds digit of g?
3
Let l = 354 + -139. Let b be (-486)/6561 + (-5828)/54. Let s = b + l. What is the units digit of s?
7
Let u(t) = -33525*t**3 + 8*t**2 + 23*t + 15. What is the ten thousands digit of u(-1)?
3
Suppose -112153 = 7*g - 372958 - 207663. What is the thousands digit of g?
6
Let g(z) = -354*z - 3295. What is the ten thousands digit of g(-65)?
1
Let m(a) = -a**2 + 16*a + 10. Let u be 1*7/((-42)/(-78)). What is the tens digit of m(u)?
4
Suppose 0 = -3*n - n + 16. Let a(h) = -7467 + 2*h**2 + 7483 + 14*h**3 - 10*h - 13*h**3. What is the units digit of a(n)?
2
Let h = -21217 - -34638. What is the units digit of h?
1
Let v = 6198 - 3815. What is the thousands digit of v?
2
Let x(w) = 48*w**2 + 8*w + 10. Let c be x(-7). Let o be 1/15*6 + c/10. Let u = 405 - o. What is the units digit of u?
4
Suppose -125*s = -139*s + 28. Suppose -s*y = -o + 216, -2*o + 7*o = 5*y + 1055. What is the hundreds digit of o?
2
Let w(t) be the second derivative of t**4/2 + 4*t**3/3 - 5*t**2 - 28*t. Let l(o) = 3*o**2 - 18*o - 16. Let f be l(7). What is the hundreds digit of w(f)?
1
What is the thousands digit of 4/(-24) + 2/((-12)/(-87511))?
4
Let s(m) = -m**3 - 10*m**2 - 23*m - 16. Suppose 13 = -2*o + k, 6*o + 35 = o + 2*k. Let u be s(o). Let z = u - 90. What is the units digit of z?
0
What is the hundreds digit of -15 - (-36302 - 84/14)?
2
Suppose 7*b - 8*b + 42 = 5*d, -5*d = 4*b - 198. Suppose -155 = -3*n + 436. Suppose -w - b + n = 0. What is the units digit of w?
5
Let f(d) = 2*d - 32. Let l be f(16). Suppose l = 4*m + 4, -3*j + 5*m + 0*m + 4922 = 0. What is the tens digit of j?
3
Let h be (-5)/(11 - 1)*8. Let u(c) = 4*c**2 + 7 - c**2 + 70*c**3 - 41*c**3 - 5*c - 30*c**3. What is the tens digit of u(h)?
3
Let p be (2/6)/(38756/(-19380) - -2). Suppose -p = 108*j - 125*j. What is the units digit of j?
5
What is the units digit of (-13 + 5404/(-21))/(2/(-6))?
1
Suppose -39*r = -115*r + 3589480. What is the tens digit of r?
3
Suppose 9086525 = -131*g + 510*g. What is the ten thousands digit of g?
2
Let v(k) = 36*k**2 + 440*k - 18. What is the units digit of v(-35)?
2
Let c(m) = 165*m**2 + 2*m + 2. Let l be c(-2). Suppose -3*o = -4*t + l, o - 654 = -4*t + 2*o. What is the tens digit of t?
6
What is the hundreds digit of ((-329)/(-28))/((-6)/(-32)*32/3624)?
0
Let x(v) = 1915*v**3 - 35*v**2 + 4*v + 3. What is the ten thousands digit of x(3)?
5
Let b = -9888 - -22182. What is the units digit of b?
4
Let v(y) = -y**3 - 3*y**2 - 2. Let g be v(-4). Suppose -4*i + 34 - g = 2*t, 12